(-7). Suppose -2*t + n*t = -16. Calculate the highest common divisor of 12 and t.
4
Let a = -8 + 5. Let f(h) = -h + 1. Let t be f(a). Suppose 26 = -3*u - t*c + 105, 4*u + c - 127 = 0. What is the highest common factor of 11 and u?
11
Suppose 0 = 8*c - 4*c - 60. Calculate the highest common factor of c and 135.
15
Suppose o = 5*k - 32, -o + 3*o - 6 = 0. Suppose 0 = -8*i + k*i + 6. Calculate the greatest common divisor of 54 and i.
6
Suppose 4*y - 1096 = 4*o, 0 = o + 3*o. Let j be (212/(-10))/(2/10). Let u = j + y. Calculate the greatest common factor of 21 and u.
21
Let l(v) = 32*v. Let i be l(1). Calculate the highest common factor of 80 and i.
16
Let z(t) = t - 1. Let k(b) = 2*b + 1. Let m(h) = -k(h) + 4*z(h). Let a be m(5). Suppose -a*u + 15 = -2*u. What is the highest common divisor of 5 and u?
5
Let j be 5 - (3/1 - 0). Suppose -2*w = -2*m - 16, j*w + 3*m - 20 = 4*m. What is the greatest common divisor of w and 8?
4
Let q = -6 - -11. Calculate the greatest common divisor of q and 2.
1
Let f be -4*1/(-2) - 0. Suppose s - q = -2, 8*s - 22 = 7*s - 5*q. What is the greatest common factor of s and f?
2
Let z(q) = -7*q - 1. Let k(r) = r**3 - 4*r**2 - r + 2. Let i be k(4). Let v be z(i). What is the highest common factor of 13 and v?
13
Suppose -18 = 3*d - 150. Let r be (d/(-10))/(1/(-10)). What is the highest common factor of r and 110?
22
Let d be (7 + 15)/(-1 - 0). Let a = 28 - d. Suppose -2*r = 3*r - a. What is the highest common factor of r and 15?
5
Let f(p) = 8 + 11 + p**3 - 2*p**3 + p - 7. Suppose -2*s - 3*s = 0. Let i be f(s). What is the highest common factor of i and 12?
12
Let j(d) = 2*d**2 - 22*d + 8. Let y be j(11). Let x = 22 - 16. Let p = y - x. Calculate the highest common factor of 10 and p.
2
Suppose r - 12 = m, 3*r + r + 5*m = 21. Calculate the highest common factor of r and 99.
9
Let f(a) = -2*a**3 + 12*a**2 - 9*a + 8. Let o be f(5). Calculate the highest common factor of o and 117.
13
Let a(l) = l**3 + l**2 - 11*l - 12. Let i be a(-3). Suppose 3*w - 42 - 19 = 5*b, 2*w - 62 = -2*b. Calculate the greatest common divisor of i and w.
3
Suppose 36 = 4*d - 5*j, 2*d - 5*j - 12 = -j. Calculate the greatest common divisor of d and 98.
14
Suppose 2*p - 146 + 18 = 0. Let h = p - 25. Calculate the highest common divisor of h and 13.
13
Let x(z) = z**2 - 19*z + 8. Let d(j) = j**2 - 19*j + 7. Let o(i) = -3*d(i) + 2*x(i). Let h be o(10). Calculate the highest common factor of h and 34.
17
Suppose -3*f = -12, 0 = -10*w + 6*w - 2*f + 320. Calculate the greatest common factor of w and 6.
6
Suppose -y = -1 - 3. Suppose -y*l + 7 = 3*a, -l + 2*a - 1 = -0. Suppose -l + 15 = x. Calculate the highest common factor of x and 98.
14
Suppose 2*h = 4*k + 30, -2*h + k + 22 = -8. Calculate the greatest common factor of 45 and h.
15
Let o = -7 + 16. Let m be o/(-2)*(4 + -2). Let x be (-6)/m*-3 + 17. What is the highest common factor of 15 and x?
15
Let d be 2109/9 + (-1)/3. Let l(k) = 2*k**2 + 10*k - 2. Let u be l(-7). What is the greatest common factor of u and d?
26
Suppose -3*x + 195 = -4*y, -2*x - 2*y = 2*y - 130. Suppose -54*f = -45*f - 117. What is the greatest common factor of x and f?
13
Suppose 3*o + 5*n = 69 - 18, o + n = 15. Suppose -14*a = -6*a - 48. What is the greatest common factor of o and a?
6
Suppose 2*m - 6 = 2*p - 2*m, m - 19 = -2*p. Suppose -17 = -q + p. Calculate the greatest common divisor of 16 and q.
8
Suppose 71 = 2*m + 43. Calculate the greatest common factor of 21 and m.
7
Let n be ((-11)/2)/((-4)/8). Let w = -8 + n. Let d(v) = -v**2 + 4*v - 1. Let u be d(w). What is the highest common divisor of 22 and u?
2
Suppose -i + 28 = i. Calculate the greatest common factor of i and 112.
14
Suppose 4 = 5*d - 6. Let m = 2 - d. Suppose -16 = -m*h - h. Calculate the greatest common factor of h and 24.
8
Suppose 10 = -0*c + 2*c. Suppose -c*k + 28 + 2 = 0. Let x be 336/k - (0 - 0). Calculate the greatest common factor of 7 and x.
7
Let c be (-16)/(-3)*(-132)/(-16). Let l(j) = 9*j - 7. Let o be l(13). Calculate the greatest common factor of c and o.
22
Suppose 0 = -5*f + 3 + 72. What is the greatest common divisor of 10 and f?
5
Let j = -7 - -8. Let g = 3 + j. Calculate the greatest common factor of g and 20.
4
Suppose 10 - 2 = 2*h. What is the greatest common factor of 8 and h?
4
Let x be (-2410)/(-8) - ((-108)/16 - -7). Calculate the greatest common factor of 43 and x.
43
Suppose 4*r + 2 = 2*r. Let m be -1 + 3 + (-14)/r. Let t = 25 - m. What is the highest common factor of t and 18?
9
Let v be 6/(0 + (-3)/(-2)). Suppose -2*s + 4*z = -48 + 12, -3*s + v*z + 46 = 0. Let t be 82/2 + (-3 - -2). Calculate the highest common divisor of s and t.
10
Suppose -3*u = -13*u + 80. Let k = 5 - 3. What is the greatest common divisor of u and k?
2
Let a be (-22 - 2)*(-2 - (-6)/(-12)). Calculate the greatest common divisor of 12 and a.
12
Suppose -4*m - 141 - 85 = -d, 5*d - 2*m - 1058 = 0. Calculate the greatest common divisor of 5 and d.
5
Let n(p) = -2*p + 72. Let m be n(0). Suppose 3*s - s - 16 = 0. What is the greatest common divisor of s and m?
8
Let s be (3 - 2) + (4 - -4). What is the highest common divisor of s and 3?
3
Let b(t) = -t**2 + 7*t - 2. Let x be b(6). Suppose -x*s + 3*s + 63 = 0. Calculate the highest common divisor of 9 and s.
9
Let y = 5 - 10. Let d be (3/(-6)*0)/2. Let t = d - y. Calculate the greatest common divisor of 5 and t.
5
Let x be -1*((-5)/(15/9) - 10). Calculate the highest common divisor of 52 and x.
13
Suppose -35 + 215 = 2*l. Suppose -3*x + 7 = -23. Calculate the highest common divisor of l and x.
10
Let j = -25 - -136. Let r = j + -63. Calculate the greatest common divisor of r and 24.
24
Suppose -4*z + 7 = 27, -s + 3*z + 20 = 0. Let j be 15*(-2 + (-24)/(-15)). Let f = 8 + j. Calculate the highest common factor of f and s.
1
Let f = 527 + -329. What is the greatest common factor of 22 and f?
22
Let y(k) = k**2 + 8*k + 7. Let z be y(-11). Let u be 4/(-8) - 33/(-6). What is the highest common factor of u and z?
5
Let x be (1 + -7)/1*-1. Let s be -2*x/(-3) + 2. Let b be s - (0/(-3) - -1). Calculate the highest common divisor of 25 and b.
5
Suppose -17*m + 1355 + 1195 = 0. Calculate the highest common factor of m and 30.
30
Suppose 3*x + 3*z = 222, x - 68 = -0*z - 3*z. Calculate the highest common factor of 11 and x.
11
Suppose 0 = -5*c - 4*j + 122 - 42, -13 = c - 5*j. Calculate the greatest common divisor of c and 108.
12
Let v be 11/((0 - -2) + -1). Suppose 3*d = -g + 34, -5*g + 9 = -v. What is the highest common divisor of d and 90?
10
Suppose 3*q + 34 = 5*q + k, -90 = -5*q - 5*k. Suppose 2*h - h = q. Calculate the greatest common divisor of h and 8.
8
Let g be (2 - (-8)/(-3))*-12. Suppose g*j - 3*j - 420 = 0. Calculate the highest common factor of 21 and j.
21
Let g = 9 + 21. Calculate the greatest common divisor of 6 and g.
6
Let h(q) = q**3 + 9*q**2 - 12*q - 4. Let v be h(-10). Calculate the highest common divisor of 32 and v.
16
Let u(z) = z**2 + z + 1. Let w be u(-2). Let y(m) = -2*m - 18. Let h be y(-11). Let j = h - w. Calculate the greatest common divisor of j and 8.
1
Let p(f) = 4*f**2 - f. Let m be p(1). Calculate the highest common divisor of m and 33.
3
Let w be (1/(-2))/((-1)/(-6)). Let d = 48 - w. Suppose 3*r - 106 = -3*s - r, 0 = s + r - 35. Calculate the greatest common divisor of d and s.
17
Let f be (12/8 - 1)*0. Let u be -1 + (100 - f)/4. What is the highest common factor of 120 and u?
24
Let p be ((-8)/2 + -1)*-11. Let a = -23 + p. Calculate the highest common factor of a and 48.
16
Suppose -3*l = -3*z + 14 + 19, 4*z = -2*l + 44. Calculate the greatest common factor of 44 and z.
11
Let c = 11 + -6. Suppose -2*f - 3*k + 52 = 0, c*f + 0 = k + 96. Suppose 4*t - 147 = 53. Calculate the greatest common divisor of t and f.
10
Let p = -113 - -16. Let m = -51 - p. Calculate the highest common divisor of m and 23.
23
Let t(p) = 15*p**3 + p**2 - 2*p + 1. Let a be t(1). Suppose 3*d = 306 + 189. Calculate the highest common factor of a and d.
15
Let d = 0 + 5. Let f(g) = -g**2 - 11*g - 8. Let n be f(-7). Calculate the greatest common divisor of d and n.
5
Suppose -87 = -5*z + 5*b + 13, -4*b - 20 = 0. Let i(r) = r**3 + 5*r**2 + 4*r + 1. Let d be i(-3). Let p = z - d. What is the highest common factor of 40 and p?
